u + 560. Calculate the remainder when u is divided by p.
20
Let u(i) = -23*i - 20. Let n be u(-7). Let h = -93 + n. Calculate the remainder when h is divided by 17.
14
Suppose -4*a + 21 = 3*k, -3*a - k + 19 = -2*k. Calculate the remainder when 14 is divided by a.
2
Let y(d) = d**3 + 14*d**2 + 13*d + 48. Calculate the remainder when y(-12) is divided by 47.
39
Let a = -13 - -17. Suppose 30 = -2*n + a*n. Calculate the remainder when 102 is divided by n.
12
Suppose -4*y + 10 = y. Suppose -y*b = -4*b + 24. What is the remainder when (2/(-4))/(1/(-42)) is divided by b?
9
Suppose y - 3*b = 124, -2*b + 124 = y + 3*b. Suppose 0 = -147*i + 161*i - 602. What is the remainder when y is divided by i?
38
Suppose -l = -0*l - i - 87, -5*l + 2*i = -444. What is the remainder when l is divided by 27?
9
Let b(d) = -25*d + 2. Suppose -22*m + 26*m = 56. Calculate the remainder when b(-1) is divided by m.
13
Suppose 0 = -2*z + 10 - 2. Suppose -z*b + 2*b = -2, 3*b = -4*y + 27. Suppose 0*f = -f + 15. Calculate the remainder when f is divided by y.
3
Suppose 56*r = 57*r - 12. Calculate the remainder when 693 is divided by r.
9
Suppose 2*v + 3*l + 20 = 6*l, 50 = -5*v - 5*l. Let m(n) = -19*n**2 - 259*n - 2 + 263*n + 20*n**2. Calculate the remainder when m(v) is divided by 12.
10
Let j(t) = 8*t**2 + 51*t + 35. Let x(v) = 8*v**2 + 2*v - 1. Calculate the remainder when j(-6) is divided by x(1).
8
Suppose 50*i = 40*i + 690. What is the remainder when i is divided by 22?
3
Let o = -20 + 25. Suppose o*r = 55 + 430. What is the remainder when r is divided by 25?
22
Let p be 33*(4 - 26/6). Let s = p + 15. Suppose 0 = -5*w + s*w + 67. What is the remainder when w is divided by 14?
11
Suppose 0 = -24*x + 22*x + 70. What is the remainder when 276 is divided by x?
31
Let h(z) = -z**2 + 6*z + 2. Let q be h(7). Calculate the remainder when 12 is divided by (-2)/q - (-495)/75.
5
Let a(v) = -11*v - 48. What is the remainder when a(-7) is divided by 23?
6
Suppose m - 181 = -5*n, m - 110 = -3*n - m. Let b(i) = 7*i + 41. What is the remainder when n is divided by b(-4)?
10
Let k be -4 + 32/3*6/4. Let m(p) = -p**2 + 13*p + 2. Calculate the remainder when m(k) is divided by 10.
4
Let w = 2 - 10. Let n = w + 8. Suppose n = -h - 3*x + 85, 5*h + x = 80 + 275. Calculate the remainder when h is divided by 24.
22
Let q(i) = -i**2 - 6*i + 2. Let h = -27 - -24. What is the remainder when q(h) is divided by 6?
5
Suppose -3*o + 581 = -142. Calculate the remainder when o is divided by 27.
25
Calculate the remainder when -62*(-3)/(-6)*(10 - 11) is divided by (-1)/(-2) - 15/(-2).
7
Let u(p) = -p - 2. Let s be u(-2). Suppose -4*n + 5*i - 85 = 0, s*i = 4*n + 4*i + 40. What is the remainder when 23 is divided by (-12)/n*45/6?
5
Suppose 5*g + 4*h = 458 + 480, 0 = 2*g + 5*h - 382. What is the remainder when g is divided by 101?
85
Suppose -2*g + 32 = -122. What is the remainder when g is divided by (-10)/((0 + 2)*(10 + 126/(-12)))?
7
Let v = -30 - -52. What is the remainder when v is divided by 2*(-91)/(-70)*5?
9
Suppose -2*c + 88 = -4*f, 82 = 2*c + 7*f - 9*f. Calculate the remainder when c is divided by 20.
18
Suppose -11*m = 169 - 675. Calculate the remainder when 128 is divided by m.
36
Let u = 58 - 56. Suppose u*x = -3*c + 130, 3*c = x + 5*c - 65. What is the remainder when x is divided by 22?
21
Let v = -36 + 74. What is the remainder when (v/3)/((-2)/(-27)) is divided by 43?
42
Let n(x) be the first derivative of 3*x**2/2 + 31*x + 13. What is the remainder when n(8) is divided by 14?
13
Let m(a) = 3*a + 0*a - 5 - 2*a. Let u be m(5). Suppose -2*p + 5*p - 4*w - 109 = 0, u = -3*p - 5*w + 73. What is the remainder when p is divided by 8?
7
Let w(m) = 3*m + 51. Let b(n) = -4*n - 34. Calculate the remainder when b(-10) is divided by w(-16).
0
Suppose -102*t = -119*t + 221. Calculate the remainder when 412 is divided by t.
9
Suppose 4*i + 3*c + 19 = 0, -3*i + 6*i = 3*c + 12. Let q(a) = -3*a - 8. What is the remainder when q(-6) is divided by i/2*-4 + 8 + -4?
4
Let f = -41 + 65. Calculate the remainder when f/18*(-12)/(-8) is divided by 1.
0
Suppose g = 13*q - 15*q + 4, -3*q - 12 = -3*g. Suppose -2*i = -17 + 51. Let r = 32 + i. What is the remainder when r is divided by g?
3
Suppose 0*k - 60 = -5*k. Let r(w) = w + 15. What is the remainder when k is divided by r(-10)?
2
Suppose -2*p = 33 - 3. Let b(t) = t**3 + 15*t**2 + t + 21. Calculate the remainder when b(p) is divided by 2/(1*-2 - -3).
0
Let s(x) = 2*x**3 - 2*x**2 + x - 1. Let t be s(2). Let v = 20 - t. Calculate the remainder when ((-26)/(-13))/((-2)/((-20)/1)) is divided by v.
9
Let i be (4/10)/((-7)/280*2). Let t = i - -61. What is the remainder when t is divided by 9?
8
Let y be (-209)/(-22)*12/(-2). Let v = 91 + y. Calculate the remainder when v is divided by 6.
4
Let o(q) = 178*q - 396. Calculate the remainder when o(3) is divided by 70.
68
Suppose 0 = -11*f + 13*f + 48. What is the remainder when 54 is divided by ((-14)/8)/(3/f)?
12
Let r(t) = 6*t**2 - 3*t. Let u(z) = -5*z**2 + 3*z. Let m(l) = 6*r(l) + 7*u(l). Let s be m(-3). Calculate the remainder when 21/1 + 3 - s is divided by 9.
6
Suppose -3*p = 57 + 24. Calculate the remainder when 9/(p/(-132))*1 is divided by 17.
10
Let y(v) = -3*v + 24. Calculate the remainder when 64 is divided by y(-1).
10
Let p(g) = -g**3 - 7*g**2 - 7*g + 3. Let k be p(-6). Let u = 20 - k. Let x = 4 - -26. What is the remainder when x is divided by u?
8
Suppose -28 = -4*j + 4*a, -2*j - 2*a = -a - 8. Suppose j = 5*b - 5. Let s = b + 14. Calculate the remainder when 45 is divided by s.
13
Suppose 2*n - h = 51, -4*n - 12*h + 11*h = -93. What is the remainder when n is divided by 5?
4
Let j be 9/(-18)*(-2 - 2). Let x(y) = 8*y**2 + y + 3. What is the remainder when x(j) is divided by 13?
11
Let v(a) = -25*a + 327. Calculate the remainder when 154 is divided by v(13).
0
Suppose -5*z = -46 - 59. What is the remainder when 58 is divided by z?
16
Let h(y) = y**3 + 20*y**2 + 26*y + 48. Calculate the remainder when h(-7) is divided by 36.
35
What is the remainder when ((-28)/(-12))/((-2)/(-36)) is divided by 11?
9
What is the remainder when 4/(-3) - 259*3/(-9) is divided by (-68)/(-3) + 6/(-9)?
19
Suppose 0 = -2*w - 4*h + 58 + 34, 34 = w - 4*h. What is the remainder when 81 is divided by w?
39
Suppose 4*x = d + 11, -7*d = 5*x - 3*d - 40. Calculate the remainder when 17 is divided by x.
1
Let b = -53 + 67. What is the remainder when 25 is divided by b?
11
Let t(y) = 235*y - 94. What is the remainder when t(1) is divided by 106?
35
Suppose -33*w - 60 = -45*w. Let q = 5 - -13. What is the remainder when q is divided by w?
3
Suppose 54*b - 1549 - 14 = -51. Let a(f) = 42*f**2 - f + 1. Calculate the remainder when a(2) is divided by b.
27
What is the remainder when (-20 + 16)/(1/(-36)) is divided by 82*(44/8 - 5) + -4?
33
Suppose -15*x + 68 = -11*x. Suppose 234 = -4*w + x*w. What is the remainder when w is divided by 7?
4
Let x(h) = 2*h**2 + h - 6 - 6*h - 2*h**2 + 3*h**2. What is the remainder when x(-2) is divided by 0 - 30/(-3) - 1?
7
Suppose 2*q + 4*j = 28, -2*j + 15 = 5*q - 15. What is the remainder when 23 is divided by q?
3
Suppose -4*u + 181 + 107 = 0. What is the remainder when u is divided by (2/(-3))/(((-56)/300)/7)?
22
Suppose 3*i - 6 = 3. Suppose 0 = -2*l - i*u + 29, 2*u = -l + 11 + 2. Let k(g) = g - 3. Calculate the remainder when l is divided by k(8).
4
Let u(v) = 23*v - 85. Let f(z) = -6*z + 21. Let k(b) = 9*f(b) + 2*u(b). Calculate the remainder when k(-9) is divided by 24.
19
Suppose -q = -61 + 46. Suppose 0 = 3*o - 2*n - q, 11*n - 7*n = 3*o - 9. What is the remainder when 75 is divided by o?
5
Let c = 137 - 64. Calculate the remainder when c is divided by ((-12)/9 + 3)/(1/15).
23
Let x = -685 - -776. What is the remainder when x is divided by 19?
15
Let b(d) = d + 6. Let h be b(-6). Suppose -5*q - 102 + 27 = h. Let u = q + 21. What is the remainder when u is divided by 2?
0
Let i(j) = j**2 - 2*j - 53. What is the remainder when 165 is divided by i(-7)?
5
Suppose -5*j + 225 = 5*u, 120 + 36 = 4*j - 2*u. Calculate the remainder when 447 is divided by j.
37
Suppose -8*z = -3*z + 5. Let k(p) = -8*p**3 - 2*p - 1. Let t be k(z). Let o = 64 - t. Calculate the remainder when o is divided by 14.
13
Let i = -79 - -148. Suppos